{"id":4,"date":"2014-03-18T18:17:10","date_gmt":"2014-03-18T17:17:10","guid":{"rendered":"http:\/\/catherinedoex.nexgate.ch\/?page_id=4"},"modified":"2024-04-05T17:23:34","modified_gmt":"2024-04-05T16:23:34","slug":"page-de-test","status":"publish","type":"page","link":"http:\/\/www.catherinedoex.ch\/?page_id=4","title":{"rendered":"Historique"},"content":{"rendered":"<p><img decoding=\"async\" loading=\"lazy\" class=\"alignnone size-full wp-image-1468\" src=\"http:\/\/www.catherinedoex.ch\/wp-content\/uploads\/page-accueil_2.jpg\" alt=\"\" width=\"8256\" height=\"5504\" srcset=\"http:\/\/www.catherinedoex.ch\/wp-content\/uploads\/page-accueil_2.jpg 8256w, http:\/\/www.catherinedoex.ch\/wp-content\/uploads\/page-accueil_2-300x200.jpg 300w, http:\/\/www.catherinedoex.ch\/wp-content\/uploads\/page-accueil_2-1024x683.jpg 1024w, http:\/\/www.catherinedoex.ch\/wp-content\/uploads\/page-accueil_2-768x512.jpg 768w, http:\/\/www.catherinedoex.ch\/wp-content\/uploads\/page-accueil_2-1536x1024.jpg 1536w\" sizes=\"(max-width: 8256px) 100vw, 8256px\" \/><\/p>\n<p>Connaissez-vous <span style=\"color: #ff00ff;\"><b>Catherine d\u2019Oex<\/b><\/span>?<\/p>\n<p>Bourgeoise, frisant la cinquantaine, d\u00e9cal\u00e9e et quelque peu d\u00e9glingu\u00e9e, Catherine d\u2019Oex jette un regard na\u00eff et critique sur le fonctionnement de ce monde.<\/p>\n<p>Il faut dire qu\u2019elle a de l\u2019entregent et de l\u2019exp\u00e9rience! Habitu\u00e9es des cours royales europ\u00e9ennes, elle ne compte plus ses romances avec diverses personnalit\u00e9s. A ses heures creuses, elle fait de la post-synchronisation de films roses.<\/p>\n<p>Les minorities et le sort qui leur est r\u00e9serv\u00e9 demeurent un point sensible chez elle. Elle n\u2019a pas peur de s\u2019investir pour d\u00e9fendre les causes \u00e9galitaires (femmes, homos\u2026) qui provoquent de l\u2019exclusion.. Une vraie indign\u00e9e, debout. On a pour habitude de l\u2019appeler la \u201cMadone du latex\u201d ou encore la \u201cPassionaria des princes consorts\u201d.<\/p>\n<p>Avec humour et glamour, elle clame facilement \u201cSoyez libres d\u2019\u00eatre des \u00eatres libres\u201d ou encore \u201cNe soyez pas sages, soyez prudents\u201d\u2026<\/p>\n<p>Bien qu\u2019elle tente de ressembler \u00e0 Catherine Deneuve, c\u2019est bel et bien l\u2019esprit de Jacqueline Maillan qui l\u2019habite.<\/p>\n<p>D\u00e8s 2004, Catherine d\u2019Oex se produit sous forme de \u201cOne queer show\u201d burlesque. Ce concept a \u00e9t\u00e9 cr\u00e9\u00e9 dans diff\u00e9rents lieux, th\u00e9\u00e2tres et cabarets (Oxymore, Couronne d\u2019Or), et dans certaines manifestations tells que la Gay Pride.<\/p>\n<p>Elle est r\u00e9guli\u00e8rement ma\u00eetresse de c\u00e9r\u00e9monie de catch impro. Elle est entour\u00e9e de musiciens et de personnages incarn\u00e9s par des com\u00e9diens tells que : Christophe Bugnon, Perrette Gonet, etc) et collabore, depuis peu avec le jazzman Gallavin.<\/p>\n<p>Aujourd\u2019hui, le concept est clairement d\u00e9fini : il s\u2019agit de spectacle de genre \u201cone queer show\u201d burlesque avec chansons.<\/p>\n<p>Burlesque signifie \u201cd\u00e9cal\u00e9\u201d. Le personnage lui-m\u00eame l\u2019est : une apparence de femme dans un corps d\u2019homme. Le d\u00e9calage existe \u00e9galement dans la construction des spectacles : le fond peut mener \u00e0 la r\u00e9flexion, au d\u00e9bat, mais la forme est impr\u00e9gn\u00e9e de l\u00e9g\u00e9ret\u00e9, d\u2019humour. Le verbe est souvent caustique et les chansons choisies sont parfois profondes.<\/p>\n<p>Catherine d\u2019Oex a parfois la naivet\u00e9 du \u201cbouffon\u201d qui fait d\u2019elle une accoucheuse d\u2019\u00e9motions.<\/p>\n","protected":false},"excerpt":{"rendered":"<p>Connaissez-vous Catherine d\u2019Oex? Bourgeoise, frisant la cinquantaine, d\u00e9cal\u00e9e et quelque peu d\u00e9glingu\u00e9e, Catherine d\u2019Oex jette un regard na\u00eff et critique sur le fonctionnement de ce monde. Il faut dire qu\u2019elle a de l\u2019entregent et de l\u2019exp\u00e9rience! Habitu\u00e9es des cours royales europ\u00e9ennes, elle ne compte plus ses romances avec diverses personnalit\u00e9s. A ses heures creuses, elle &hellip; <a href=\"http:\/\/www.catherinedoex.ch\/?page_id=4\" class=\"more-link\">Continuer la lecture de <span class=\"screen-reader-text\">Historique<\/span> <span class=\"meta-nav\">&rarr;<\/span><\/a><\/p>\n","protected":false},"author":1,"featured_media":0,"parent":0,"menu_order":2,"comment_status":"closed","ping_status":"closed","template":"","meta":[],"_links":{"self":[{"href":"http:\/\/www.catherinedoex.ch\/index.php?rest_route=\/wp\/v2\/pages\/4"}],"collection":[{"href":"http:\/\/www.catherinedoex.ch\/index.php?rest_route=\/wp\/v2\/pages"}],"about":[{"href":"http:\/\/www.catherinedoex.ch\/index.php?rest_route=\/wp\/v2\/types\/page"}],"author":[{"embeddable":true,"href":"http:\/\/www.catherinedoex.ch\/index.php?rest_route=\/wp\/v2\/users\/1"}],"replies":[{"embeddable":true,"href":"http:\/\/www.catherinedoex.ch\/index.php?rest_route=%2Fwp%2Fv2%2Fcomments&post=4"}],"version-history":[{"count":9,"href":"http:\/\/www.catherinedoex.ch\/index.php?rest_route=\/wp\/v2\/pages\/4\/revisions"}],"predecessor-version":[{"id":1474,"href":"http:\/\/www.catherinedoex.ch\/index.php?rest_route=\/wp\/v2\/pages\/4\/revisions\/1474"}],"wp:attachment":[{"href":"http:\/\/www.catherinedoex.ch\/index.php?rest_route=%2Fwp%2Fv2%2Fmedia&parent=4"}],"curies":[{"name":"wp","href":"https:\/\/api.w.org\/{rel}","templated":true}]}}